- ((-2 - 0) + 6)).
-93
(5 + 12 + -5 + -3 + 3 - 89) + -2
-79
What is -233 - (69 - 154) - -63?
-85
What is (42 - 21) + -6 + -8?
7
What is the value of -13 + (11 - 57) + 24?
-35
Calculate (-49 - 38 - -113 - ((0 - -8) + 1)) + 7.
24
Evaluate (-1 - 12) + 25 + (-31 - (5 - 3)).
-21
((-110 - 9) + -2 - ((1 - -12) + 1)) + 12
-123
Calculate (-4 - -17) + (39 - -3 - (34 + -24)).
45
Calculate 50 + 2 - (2676 - 2622).
-2
Calculate -67 + (171 - 91) - (0 + 0 - -60).
-47
What is the value of -250 - -265 - (31 - 1) - -58?
43
What is the value of (14 - -3 - 17 - -11 - -32) + 5?
48
Calculate 281 - 266 - (-24 - (23 - 11)).
51
-13 + 2 + -1 - (43 + -56 + -6 + 81)
-74
What is the value of -55 - -5 - (-62 - 5)?
17
2 + (-1 - -1) + 28 + (-176 - -133)
-13
What is -10 + 1 - (36 + (12 + -10 - 41))?
-6
Evaluate (-4 + 7 - 6) + -41 + (-43 - -98).
11
What is (7 - (5 - 9)) + (-15 - (15 - 16)) + 54?
51
What is -7 - (1 + -8) - 49 - (4 + 10)?
-63
What is the value of 39 + 740 + -724 + (-1 - -7)?
61
Calculate 111 + -53 + -69 + (-66 - 0) + 9.
-68
Evaluate (-20 - -146) + 36 + 0 + -43.
119
0 + 157 + -1 + -28 + 11 + 43 + -36
146
What is 65 + (6 - -2) + 2 - 9 - (20 - 16)?
62
78 - (3 - 12 - ((-1 - 0) + -15) - -1)
70
What is (59 - (-32 + 82)) + -14?
-5
Evaluate -6 + -1 + 9 + 2 + 147 + (-7 - 3).
141
What is the value of 473 + -470 + (0 - 4) - 10 - -15?
4
What is the value of -3 + 4 + -28 + 10 + -17 + 11 + 4?
-19
-106 + -15 + 6 + (-1 - -1) - (-146 + 144)
-113
What is 42 - ((-17 - (-8 - -24)) + 68)?
7
Calculate 20 - ((-26 - -16) + 20 + -6).
16
What is the value of (-10 - -10 - 16) + -19?
-35
80 + -68 - 12 - (-17 - 0)
17
Evaluate 15 + -46 - (-38 - 14).
21
Evaluate -7 + 4 - (38 + -42 - (-2 - 31) - -2).
-34
-249 - (145 + 86 + -355)
-125
(72 - (-5 + (5 - 2))) + (124 - 100) + -33
65
(-82 - (18 + -11)) + (-2 + -3 - (-33 + 32))
-93
(3210 - 3210) + 74 + 0
74
-14 + -14 + (-5 + -5 - -10) + -15
-43
Evaluate (-44 - (-36 - 53)) + 0.
45
(7 - (-110 - -5 - -6)) + -21 + (-2 - -12)
95
Evaluate -42 + 45 - (-15 + 7).
11
Evaluate -142 + -5 + 19 + (-8 - -3) + 3.
-130
Calculate -14 - (-137 + -114 + 170).
67
Calculate -5530 - -5612 - (2 + (-2 - -16)).
66
What is the value of (9 - (-31 + 14 - -23)) + (2 - 126)?
-121
Evaluate -56 + 39 + -22 + 27.
-12
Evaluate -20 - (0 + -6 + -38).
24
What is (-14 + -2 - -1) + (16 - (9 + -9))?
1
What is the value of -6 - -10 - 14 - (11 - (-10 + -3 - -14))?
-20
What is -27 + (-1 - (-31 + (-33 - -59)))?
-23
Calculate -10 - -14 - (2 - 0 - -18) - -19.
3
Calculate 65 - (131 + -1) - 19.
-84
Evaluate 51 - (-16 + 5 + 28 + -40).
74
Evaluate -1 + 22 - (93 + (-69 - -47 - -10)).
-60
Evaluate 3 + 21 + -5 + -19 + 3.
3
Calculate 37 + 27 + -28 + (1 - 2 - 9) + -3.
23
What is -2 - (-65 + 32 + -7)?
38
Evaluate 25 + -17 - (1 + (-4 - (-87 + 0 + -1))).
-77
Evaluate (-2 - 81) + (752 - 716) - -119.
72
What is (4 - (188 - 196 - ((28 - 0) + -3))) + -2?
35
What is the value of 74 - (61 + -84 + 10)?
87
What is the value of -4 - (7 - (38 + 4)) - (10 - -27 - 39)?
33
Evaluate -27 + (-17 - (-4 - 9)) + -14 + 33.
-12
-14 + -1 + (-321 - -265) + 11 + -17
-77
3 - 6 - ((712 - 762) + (1 - 12))
58
0 - -30 - (2 + 29 + -37)
36
Calculate (2 - (-18 - -16) - 24) + -45.
-65
Evaluate (0 - 20) + -112 + -77 + 203.
-6
173 + -64 + -92 + -44
-27
Calculate -5 + 6 - ((-44 - 4) + 114).
-65
Evaluate (22 + -6 + 8 + -9 - 17) + 97.
95
Evaluate 12 + -3 - (-3 - 0) - 1 - (-11138 + 11123).
26
Calculate -32 + (33 - -21) + -30.
-8
Evaluate -90 - (-55 + (-226 - -142)).
49
Evaluate (-21 - -13 - 46) + 10 - 4 - 13.
-61
Evaluate -20 + -13 + -3 + -23 + 22.
-37
Evaluate (0 + 18 - -3) + -84 - 22 - 5.
-90
What is the value of 21 + 0 + (5 - 33 - -31)?
24
21 - -29 - (-3 + 25)
28
-17 - (12 - (47 - -5))
23
Evaluate 20 + 0 + 42 + -19 + 11.
54
Evaluate 37 - 131 - 12 - -26.
-80
Calculate ((-12 - -1) + (38 - 68 - -39) - -7) + -36.
-31
Evaluate (-25 - (-16 - -10)) + (-4 - 20).
-43
What is -1018 + 1034 - (1 + 21)?
-6
49 + (-12 - -1 - (14 - (18 + 10)))
52
Calculate -3 + (0 - 6) + 15 + (-13 - 3).
-10
What is 53 + 4 + (-2 - 14) + -2 + 18?
57
What is the value of (12 - (3 + (2 - 2) + -49 + 37)) + -6?
15
(-2 - (1 + -5)) + -82 + 65 + (-4 - -9)
-10
What is 51 + -64 + -12 - -3?
-22
21 - (-5 + 0 + 13) - (100 + -111)
24
Calculate -12 - (14 + -2 + 0 - 0 - (-984 + 1057)).
49
Evaluate 2 + (61 + 0 - 26).
37
What is the value of -2 + -2 + -50 - (-76 + 68 + -13)?
-33
8 + -6 + 54 + -7 + (62 - 57)
54
Evaluate 10 - (6 + 9) - -12 - (8 - 18).
17
What is -116 - (104 + -142 + -43)?
-35
What is -2 + 13 - (-34 + 35 + 9)?
1
-29 + 62 + -40 - -29
22
What is -18 + (26 + 24 - 39)?
-7
Evaluate 2339 - 2332 - (-1 + 12).
-4
Evaluate 3 - (110 - 124 - (1 - 63)) - (-4 + 11).
-52
(-4 - -1) + (5 - -10 - (17 + 66)) + 9
-62
(1 - (4 - 0)) + -177 + 194
14
43 + 25 + -9 + (28 - 47)
40
Evaluate 70 + (-93 + 133 - 93).
17
What is 12 + -2 - (-60 - -54) - (4 + -22)?
34
Evaluate (30 - 54) + 26 + 8.
10
Calculate 6 + 1 + -2 + (61 - (70 + -18 + -84)).
98
What is the value of -6 - ((-308 - -328 - (2 - -81)) + (5 - 1))?
53
(-1 - -117) + (-20 - (-46 - (-49 - -21)))
114
(-4 + (45 - -7) - (-14 + 21)) + 3 + -10
34
What is 22 + (-15 - -9) + (-1 + -15 - 10)?
-10
What is the value of -5 - (-104 - -96 - (3 - 4 - -3))?
5
(30 - 7) + -7 + 33 + -129 + 39
-41
What is -37 + (43 + 3 - 21) + -85?
-97
Calculate (53 + (14 - 45) - -14) + 90.
126
-65 + 46 + 6 - 6
-19
Evaluate 8 + 15 + -22 + 17 - 30.
-12
Calculate -2 + 129 + (4771 - 4773).
125
(5 + -10 - ((-11 - (-28 - -2)) + -11)) + -27
-36
-351 + 131 + 65 - -49
-106
Calculate (-4 - (-18 + -75 + 13) - -10) + -18.
68
What is the value of (-106 - (29 - -45)) + 78?
-102
What is -36 - (-12 - (20 - 12))?
-16
What is 47 + (-54 - -69) + -4?
58
What is the value of (171 - 143 - (-2 + 14)) + 18?
34
What is -57 + 115 - (-6 - -1) - (-23 - -14)?
72
5 + 4 - 52 - (-4 - 7)
-32
-12 + (-24 - -22 - (1 + -1)) + 8
-6
Calculate 278 + -286 + (-1 - 1) + 15.
5
-5 + (-13 - -2 - -9) - (4 + -5)
-6
Evaluate 6 + -19 + -8 - (-17 + (18 - 10 - 0)).
-12
(-99 + -6 + 65 - -35) + (1 - 74)
-78
Calculate -44 - -1 - (-112 + 69 + -102).
102
(-334 - -330) + 2 + -110 + -5
-117
Evaluate (-18 + 18 - -15) + -13 + -35 + -14 + 1.
-46
Evaluate (-5 - -1) + 9 - (-92 + 39 - -139).
-81
Evaluate (-359 - -334) + 67 + (3 - 4).
41
What is 8 + 2 - (20 - (32 + -21) - 58)?
59
Evaluate -20 - (45 + (31 - (-5 + 63))).
-38
Evaluate 72 - 75 - -46 - (-39 - 0).
82
Calculate (19 - -41) + (4 - (-3 + 6)) + -28 + 20.
53
Evaluate 12 + 26 + (-8 - -2).
32
What is the value of (-11 + 11 - -10 - 24) + -11 + 21 - 49?
-53
Evaluate (-21 - (-6 - -8)) + 40 + -31 - -52.
38
Evaluate 20 + -57 + -25 + (-1 - -1) + 10.
-52
What is the value of -8 + 1 + 0 + (-18 + 16 - -10) + -28?
-27
What is (-13 + 1 - -31 - 31) + (0 - 20)?
-32
What is (13 - 32) + 17 + -3 + 8 - -93?
96
Calculate 3 + -9 + -77 + 92 + 11 + 23.
43
Evaluate -8 + 11 + -39 + 21 - (5 + -5).
-15
What is (163 + 12 - 60) + -153?
-38
-705 - -689 - (1 + 63)
-80
What is 17 + (100 - (13 + -2) - (-1 + 19))?
88
Evaluate (-1 + 1 - 9) + 2099 + -2107.
-17
-12 + -2 + (-97 - -50 - -2)
-59
65 + (-5 - -47) + -113
-6
What is -65 + 153 + (-9 - (36 - 22))?
65
Evaluate -4 - (-303 + 311 - (0 - -14)).
2
Calculate 0 - 0 - (-10 + (-20 - -11) + 23 + -14).
10
-144 - (123 - 267) - (-1 + 86)
-85
20 + 9 - 3 - (-40 - -80)
-14
-2 - (0 + 2) - 69 - (-282 + 289)
-80
Evaluate (-89 - (-15 - 12)) + 82.
20
74 - (59 + (-16 - -62))
-31
Evaluate -65 + 78 - (20 - 0) - 77.
-84
What is the value of 16 - (-15 - -1 - (-14 - (45 - 6 - 75)))?
52
-55 - (124 - 160) - (-7 + 0 + 0)
-12
-40 - (-48 + 73 + -39)
-26
What is the value of 272 + -275 + (28 - 4)?
21
What is the value of (-18 - (-4 + -1)) + 3 - (305 - 324)?
9
Evaluate 159 + -58 + -9 - 42.
50
What is -51 + -27 + 53 + 20 + -16?
-21
-62 + 53 + 4 + -4 + (141 - -1) + 13
146
Calculate 5 - 63 - (317 + -376).
1
(-12 - (9 - 14)) + -3 + 55 + 2 - 5
42
Evaluate -4 - (100 + (72 - 133)).
-43
What is the value of 0 - (-53 - 1 - (701 - 721))?
34
Calculate -5 - -24 - (12 + 10) - 30.
-33
What is the value of -10 - 3 - ((1 + -2 + -6 - -21) + -59)?
32
What is the value of -1 + -67 - ((15 - 17 - 12) + 32 + -22)?
-64
Calculate (0 - -4) + 9 + 1 + (65 - 123 - -52).
8
Calculate -35 + 96 + -25 + 27 + -12.
51
Calculate 591 + -668 + (-11 - -149).
61
What is the value of 6 + 14 + -38 + (-9 - 1 - 56)?
-84
Evaluate -1097 + 1053 + (-5 - 4 